d 15?
15
Let i be (30/(-7))/((-465)/1302). Suppose -2*j = j - 126. Calculate the greatest common factor of i and j.
6
Let t = 331 + -23. Calculate the highest common factor of t and 28.
28
Let d(y) = y**2 - y - 4. Let a be d(6). Let r be (-6 - (-7 + 3)) + a. What is the greatest common divisor of 36 and r?
12
Let d be 8 + 5 + -2 - -1. Let y be (-9)/d*24/(-2). Suppose 3*j = 2*j + y. Calculate the highest common divisor of 3 and j.
3
Let n(h) = 16*h**2 + 24*h - 5. Let v be n(-7). What is the highest common divisor of v and 47?
47
Let u(p) = p**2 + 32*p + 219. Let x be u(-7). Calculate the greatest common factor of 704 and x.
44
Let c(h) = h**2 + 25*h - 12. Let w be c(-26). Calculate the greatest common factor of 266 and w.
14
Let a = 42 - 21. Let z(y) = -1 - 8 + 19*y + 3 + 3. Let f be z(9). What is the highest common divisor of f and a?
21
Let j be 14534/91 + 2/7. What is the highest common divisor of 20 and j?
20
Let h be 1 - 6*3/(-6). Let b(y) = y - 3. Let w(g) = 2*g - 4. Let u(s) = -5*b(s) + 6*w(s). Let n be u(h). Calculate the greatest common divisor of 76 and n.
19
Let b be (-5)/(-30) + 1195/30. What is the greatest common factor of b and 520?
40
Let j be -1*46/6*-6. Suppose -235 = -5*b - 120. Calculate the greatest common factor of j and b.
23
Let w be (-12)/(-54) - 274/18. Let v be (2/(-4))/(2/88). Let u = w - v. Calculate the highest common divisor of u and 77.
7
Suppose 4*r - m = 14, -6 = 5*m - 2*m. What is the highest common divisor of 15 and r?
3
Let a(o) = 56*o**2 - o + 1. Let y be a(-2). Let m = -99 + y. Suppose 14 = u + p, 4*u + 1 = -2*p + 61. Calculate the highest common factor of u and m.
16
Let h = -4167 - -4212. Let k = 62 - 32. What is the greatest common factor of k and h?
15
Suppose -m + 4 = -10. Suppose c + 5*k - 14 + 156 = 0, -2*c + 3*k = 219. Let j = c - -173. What is the highest common factor of j and m?
14
Let m(k) = -k + 10. Let n be m(9). Suppose -5 - n = -2*r, 2*r + 9 = 3*j. Let l be -1 + (13 - (4 + -2)). What is the highest common factor of l and j?
5
Let t be ((-3)/(-5))/(-15*7/(-350)). Calculate the greatest common divisor of t and 128.
2
Suppose 3*p - 13*a + 15*a - 125 = 0, 2*a = -4*p + 170. Calculate the highest common divisor of 1 and p.
1
Let f be (113 - 8)*(0 - 6/5). Let k be -5*(4/(-10) + f/45). Let w(o) = -o**3 - 2*o**2 - o - 4. Let a be w(-3). Calculate the greatest common factor of a and k.
8
Let h be (-3)/3*(-13)/(39/246). Calculate the highest common factor of h and 4838.
82
Let t(q) = q**2 - 3*q - 5. Let k be t(-2). Suppose -k*p + 159 + 111 = 0. Calculate the greatest common factor of p and 18.
18
Let v = -17 + 20. Suppose -v*q + 480 = -4*a, 2*q + 0*a = a + 320. Calculate the greatest common factor of q and 32.
32
Suppose -13 - 7 = -4*n. Suppose 539 + 226 = n*o. Suppose -3*l + l = -34. Calculate the greatest common factor of l and o.
17
Let i = 1682 + -1678. Calculate the highest common divisor of 122 and i.
2
Suppose -43*u + 58*u - 945 = 0. Calculate the greatest common factor of 81 and u.
9
Let b be 340/119*1/(4/14). Let d = 11 - 8. Let x = d + -1. Calculate the highest common divisor of x and b.
2
Suppose 0 = b + 3*b - 20. Let w be 416/10 + 2/b. Suppose 2*s - 3606 + 3594 = 0. Calculate the highest common divisor of s and w.
6
Let j = 69 + -77. Let f(l) = l**2 - l - 38. Let z be f(j). Suppose -4*d + 566 = -386. What is the highest common divisor of z and d?
34
Let o(p) = p - 5. Let l be o(8). Suppose -2*k - 5*x + 164 = 0, -2*k + l*x - 372 = -7*k. What is the greatest common divisor of 8 and k?
8
Let l be 1 + -3 + 85 + 1. Calculate the highest common divisor of 28 and l.
28
Let i be (390/12)/(-13)*4/(-2). Calculate the greatest common factor of i and 85.
5
Let a = 11 - 5. Let z be ((-70)/6 - 2)/((-2)/a). Calculate the highest common factor of z and 451.
41
Let s(u) = -6*u - 31. Let h(d) = -d - 1. Let o(a) = h(a) + s(a). Let q be o(-5). Calculate the highest common divisor of 9 and q.
3
Let k(m) = -12*m - 175. Let s be k(-15). What is the highest common divisor of s and 100?
5
Suppose 0 = -2*u + p + 191, 3*u + 2*p - 285 = 5*p. What is the greatest common factor of u and 180?
12
Suppose 4 + 2 = 2*z. Let f = z - 0. Suppose -h + k = f*h - 22, -5*k + 22 = 2*h. Calculate the highest common factor of h and 6.
6
Let n(h) = -4*h - 15. Let x be n(-5). Let p be (x*(-6)/(-15))/(2/9). Calculate the highest common factor of p and 2.
1
Let i be ((-225)/(-27))/(45/27). What is the greatest common divisor of 220 and i?
5
Suppose 19 = 2*w - 5*z - 22, -4*w + 137 = z. What is the greatest common divisor of 33 and w?
33
Let a = 93 + 131. Calculate the greatest common factor of 64 and a.
32
Let m = -2 - 5. Let o = 28 - 14. Let t = o + m. What is the greatest common factor of 35 and t?
7
Let z = 712 - 683. What is the highest common divisor of z and 1421?
29
Suppose 5*i = 7 - 22. Let y be (-6)/((i/(-8))/(-1)). Suppose 4*g - 95 + 31 = 0. Calculate the greatest common factor of g and y.
16
Suppose 33*f - 30*f = 0. Let h(o) = 3*o**2 - o + 3. Let x be h(f). Suppose 3*y + 6*d - x*d = 21, 17 = 2*y + 3*d. Calculate the highest common factor of y and 8.
4
Let c be 4/26 - 542/(-26). Let m be 964/(-36) + (-2)/9. Let s = m + 41. Calculate the highest common factor of s and c.
7
Suppose 2*o + 6 = -4*i, -6*o + 4*i = -2*o - 36. Suppose o*v + 90 - 340 = 0. Calculate the highest common divisor of 30 and v.
10
Suppose 23*f = 2498 - 980. Let q(v) = v**2 - v + 2. Let g be q(5). What is the highest common factor of g and f?
22
Let o(g) = -g**2 + 16. Let x be o(0). Suppose -x = -2*u + 24. What is the highest common divisor of 4 and u?
4
Suppose -39 = q - 4*z, -2*z - 151 = -q + 6*q. Let j = 37 + q. Suppose -j = 2*l - 146. What is the highest common factor of 10 and l?
10
Suppose -c - 3*c = -192. Suppose f - 9*f + c = 0. Let u = 13 - 1. What is the highest common factor of f and u?
6
Suppose 0 = -2*w + 92 + 58. Let v = 79 - w. What is the greatest common factor of 44 and v?
4
Let b(a) = 13*a**2 - 12*a - 22. Let r be b(-2). Calculate the highest common divisor of 72 and r.
18
Let y be 2/2 - (-8 - 139)/7. Let q(z) = 2*z**2 - 4*z + 2. Let a be q(2). Let h = 0 + a. What is the highest common divisor of y and h?
2
Suppose 0 = 5*t + j + j - 224, 3*t = 5*j + 153. What is the greatest common divisor of 529 and t?
23
Let q = -2532 + 2544. Let k be (4/6)/((-1)/(-234)). What is the highest common factor of k and q?
12
Let i(v) = v**2 + 14*v. Let g be i(-14). Suppose g = 4*c - 70 - 42. What is the greatest common divisor of c and 7?
7
Suppose -16*p + 645 = -p. Calculate the highest common divisor of 688 and p.
43
Let n(k) = k**3 - 2*k**2 - 5*k + 1. Let c be n(6). Suppose -4*q = q - c. Let v = q - 13. What is the greatest common divisor of v and 20?
10
Suppose 4*x + 170 = 2*w, 3*w + x = -3*x + 255. Suppose -3*o = g - 25, o - 3*o = 6. What is the greatest common divisor of w and g?
17
Suppose 2*n + 12 = 6*n. Suppose f = 2*f + n*z - 46, 4*f = -z + 151. What is the highest common factor of 111 and f?
37
Let q = 123 - 114. What is the greatest common factor of q and 261?
9
Suppose -5*h + g + 9 = 0, g = -4*h + 4*g + 5. Let f be 6 + ((-6)/h - 0). Suppose -f*n + 78 = 12. What is the highest common divisor of n and 55?
11
Suppose -3*i + f + 13 = 0, 4*i + 0*i - 11 = -5*f. Suppose 3 = i*o - 1. Calculate the greatest common factor of o and 9.
1
Let h be (-30)/(-45)*30/4. Suppose -h*l = -0*l - 10. Suppose l*x - 18 = -s + 25, -5*x - 95 = -2*s. What is the greatest common divisor of s and 9?
9
Let u be (-9944)/(-264) - (0 + 4/6). Calculate the greatest common divisor of 74 and u.
37
Let s(y) = y**2 - 3*y + 3. Let h be s(2). Suppose -h = a - 6. Suppose -a*p - 8 = -23. What is the greatest common divisor of p and 3?
3
Let m = -20 - -4. Let d = -2 + -2. Let r = d - m. What is the highest common factor of 6 and r?
6
Suppose -3*r + r = -62. Suppose -4*h - h - 5*o = -55, -h + 3*o = -r. Suppose 4*k - 3*k - 128 = 0. What is the greatest common factor of k and h?
16
Suppose 0*m = m - 48. Let s(u) = -5*u**3 - 5*u**2 + 4*u - 6. Let h be s(-3). Calculate the highest common divisor of m and h.
24
Let i(y) = -y**3 - y**2 + 2*y + 2. Let j be i(-2). Suppose 0 = j*n - 6, -a + 196 = 3*a + 4*n. What is the greatest common divisor of 230 and a?
46
Let n be (-3434)/(-13) - 4/26. Calculate